{"id":5241,"date":"2026-09-01T11:06:32","date_gmt":"2026-09-01T09:06:32","guid":{"rendered":"https:\/\/rakosyuveg.hu\/?post_type=tribe_events&#038;p=5241"},"modified":"2026-09-01T13:45:59","modified_gmt":"2026-09-01T11:45:59","slug":"otthonneked-akademia-2026-oszi-szakmai-napok","status":"publish","type":"tribe_events","link":"https:\/\/rakosyuveg.hu\/en\/esemeny\/otthonneked-akademia-2026-oszi-szakmai-napok\/","title":{"rendered":"OTTHONNEKED Akad\u00e9mia \u2013 2026. \u0151szi szakmai napok"},"content":{"rendered":"<h2 class=\"PDq2pG_selectionAnchorContainer\" data-section-id=\"1stffed\" data-start=\"208\" data-end=\"231\">2026. szeptember 30.<\/h2>\n<p data-start=\"233\" data-end=\"369\">Id\u00e9n \u0151sszel a R\u00e1kosy Glass is csatlakozik a Palatinus F\u00fcrd\u0151szobaszalon \u00e1ltal szervezett OTTHONNEKED Akad\u00e9mia szakmai programsorozat\u00e1hoz.<\/p>\n<p data-start=\"371\" data-end=\"641\">A rendezv\u00e9ny els\u0151sorban lakberendez\u0151knek, bels\u0151\u00e9p\u00edt\u00e9szeknek \u00e9s \u00e9p\u00edt\u00e9szeknek k\u00edn\u00e1l naprak\u00e9sz szakmai ismereteket, inspir\u00e1ci\u00f3t, valamint szem\u00e9lyes konzult\u00e1ci\u00f3s \u00e9s kapcsolat\u00e9p\u00edt\u00e9si lehet\u0151s\u00e9get. A program sor\u00e1n n\u00e9gy, egyenk\u00e9nt 40 perces szakmai el\u0151ad\u00e1s v\u00e1rja a r\u00e9sztvev\u0151ket.<\/p>\n<p data-start=\"643\" data-end=\"811\">A R\u00e1kosy Glass k\u00e9pvisel\u0151ivel ezen a napon szem\u00e9lyesen is tal\u00e1lkozhatnak az \u00e9rdekl\u0151d\u0151k: szakmai konzult\u00e1ci\u00f3val, term\u00e9kmint\u00e1kkal \u00e9s inspir\u00e1l\u00f3 \u00fcvegmegold\u00e1sokkal k\u00e9sz\u00fcl\u00fcnk.<\/p>\n<p data-start=\"813\" data-end=\"946\"><strong data-start=\"813\" data-end=\"825\">Id\u0151pont:<\/strong> 2026. szeptember 30., 9:00\u201314:00<br data-start=\"858\" data-end=\"861\" \/><strong data-start=\"861\" data-end=\"874\">Helysz\u00edn:<\/strong> Palatinus F\u00fcrd\u0151szobaszalon oktat\u00f3terme, 1095 Budapest, Soroks\u00e1ri \u00fat 86.<\/p>\n<p data-start=\"948\" data-end=\"1086\">A r\u00e9szv\u00e9tel d\u00edjmentes, <a href=\"https:\/\/otthonneked.hu\/akademia\/\" target=\"_blank\" rel=\"noopener\">de az OTTHONNEKED Akad\u00e9mia rendszer\u00e9ben el\u0151zetes regisztr\u00e1ci\u00f3hoz k\u00f6t\u00f6tt<\/a>. Az esem\u00e9ny k\u00fcls\u0151 szervez\u00e9sben val\u00f3sul meg.<\/p>","protected":false},"excerpt":{"rendered":"<p>2026. szeptember 30. Id\u00e9n \u0151sszel a R\u00e1kosy Glass is csatlakozik a Palatinus F\u00fcrd\u0151szobaszalon \u00e1ltal szervezett OTTHONNEKED Akad\u00e9mia szakmai programsorozat\u00e1hoz. A rendezv\u00e9ny els\u0151sorban lakberendez\u0151knek, bels\u0151\u00e9p\u00edt\u00e9szeknek \u00e9s \u00e9p\u00edt\u00e9szeknek k\u00edn\u00e1l naprak\u00e9sz szakmai ismereteket, inspir\u00e1ci\u00f3t, valamint szem\u00e9lyes konzult\u00e1ci\u00f3s \u00e9s kapcsolat\u00e9p\u00edt\u00e9si lehet\u0151s\u00e9get. A program sor\u00e1n n\u00e9gy, egyenk\u00e9nt 40 perces szakmai el\u0151ad\u00e1s v\u00e1rja a r\u00e9sztvev\u0151ket. A &#8230; <a title=\"OTTHONNEKED Akad\u00e9mia \u2013 2026. \u0151szi szakmai napok\" class=\"read-more\" href=\"https:\/\/rakosyuveg.hu\/en\/esemeny\/otthonneked-akademia-2026-oszi-szakmai-napok\/\" aria-label=\"Read more about OTTHONNEKED Akad\u00e9mia \u2013 2026. \u0151szi szakmai napok\">Tov\u00e1bb<\/a><\/p>","protected":false},"author":2,"featured_media":5246,"template":"","meta":{"inline_featured_image":false,"_tribe_events_status":"","_tribe_events_status_reason":"","_tribe_events_is_hybrid":"","_tribe_events_is_virtual":"","_tribe_events_virtual_video_source":"","_tribe_events_virtual_embed_video":"","_tribe_events_virtual_linked_button_text":"","_tribe_events_virtual_linked_button":"","_tribe_events_virtual_show_embed_at":"","_tribe_events_virtual_show_embed_to":[],"_tribe_events_virtual_show_on_event":"","_tribe_events_virtual_show_on_views":"","_tribe_events_virtual_url":"","footnotes":""},"tags":[],"tribe_events_cat":[39],"class_list":["post-5241","tribe_events","type-tribe_events","status-publish","has-post-thumbnail","hentry","tribe_events_cat-kulso-esemeny","infinite-scroll-item","cat_kulso-esemeny"],"_links":{"self":[{"href":"https:\/\/rakosyuveg.hu\/en\/wp-json\/wp\/v2\/tribe_events\/5241","targetHints":{"allow":["GET"]}}],"collection":[{"href":"https:\/\/rakosyuveg.hu\/en\/wp-json\/wp\/v2\/tribe_events"}],"about":[{"href":"https:\/\/rakosyuveg.hu\/en\/wp-json\/wp\/v2\/types\/tribe_events"}],"author":[{"embeddable":true,"href":"https:\/\/rakosyuveg.hu\/en\/wp-json\/wp\/v2\/users\/2"}],"version-history":[{"count":2,"href":"https:\/\/rakosyuveg.hu\/en\/wp-json\/wp\/v2\/tribe_events\/5241\/revisions"}],"predecessor-version":[{"id":5245,"href":"https:\/\/rakosyuveg.hu\/en\/wp-json\/wp\/v2\/tribe_events\/5241\/revisions\/5245"}],"wp:featuredmedia":[{"embeddable":true,"href":"https:\/\/rakosyuveg.hu\/en\/wp-json\/wp\/v2\/media\/5246"}],"wp:attachment":[{"href":"https:\/\/rakosyuveg.hu\/en\/wp-json\/wp\/v2\/media?parent=5241"}],"wp:term":[{"taxonomy":"post_tag","embeddable":true,"href":"https:\/\/rakosyuveg.hu\/en\/wp-json\/wp\/v2\/tags?post=5241"},{"taxonomy":"tribe_events_cat","embeddable":true,"href":"https:\/\/rakosyuveg.hu\/en\/wp-json\/wp\/v2\/tribe_events_cat?post=5241"}],"curies":[{"name":"wp","href":"https:\/\/api.w.org\/{rel}","templated":true}]}}

OTTHONNEKED Akadémia – 2026. őszi szakmai napok

<h2 class="PDq2pG_selectionAnchorContainer" data-section-id="1stffed" data-start="208" data-end="231">2026. szeptember 30.</h2>
<p data-start="233" data-end="369">Idén ősszel a Rákosy Glass is csatlakozik a Palatinus Fürdőszobaszalon által szervezett OTTHONNEKED Akadémia szakmai programsorozatához.</p>
<p data-start="371" data-end="641">A rendezvény elsősorban lakberendezőknek, belsőépítészeknek és építészeknek kínál naprakész szakmai ismereteket, inspirációt, valamint személyes konzultációs és kapcsolatépítési lehetőséget. A program során négy, egyenként 40 perces szakmai előadás várja a résztvevőket.</p>
<p data-start="643" data-end="811">A Rákosy Glass képviselőivel ezen a napon személyesen is találkozhatnak az érdeklődők: szakmai konzultációval, termékmintákkal és inspiráló üvegmegoldásokkal készülünk.</p>
<p data-start="813" data-end="946"><strong data-start="813" data-end="825">Időpont:</strong> 2026. szeptember 30., 9:00–14:00<br data-start="858" data-end="861" /><strong data-start="861" data-end="874">Helyszín:</strong> Palatinus Fürdőszobaszalon oktatóterme, 1095 Budapest, Soroksári út 86.</p>
<p data-start="948" data-end="1086">A részvétel díjmentes, <a href="https://otthonneked.hu/akademia/" target="_blank" rel="noopener">de az OTTHONNEKED Akadémia rendszerében előzetes regisztrációhoz kötött</a>. Az esemény külső szervezésben valósul meg.</p>

<p>2026. szeptember 30. Idén ősszel a Rákosy Glass is csatlakozik a Palatinus Fürdőszobaszalon által szervezett OTTHONNEKED Akadémia szakmai programsorozatához. A rendezvény elsősorban lakberendezőknek, belsőépítészeknek és építészeknek kínál naprakész szakmai ismereteket, inspirációt, valamint személyes konzultációs és kapcsolatépítési lehetőséget. A program során négy, egyenként 40 perces szakmai előadás várja a résztvevőket. A &#8230; <a title="OTTHONNEKED Akadémia – 2026. őszi szakmai napok" class="read-more" href="https://rakosyuveg.hu/en/esemeny/otthonneked-akademia-2026-oszi-szakmai-napok/" aria-label="Read more about OTTHONNEKED Akadémia – 2026. őszi szakmai napok">Tovább</a></p>
