{"id":1729,"date":"2024-06-17T18:54:02","date_gmt":"2024-06-17T16:54:02","guid":{"rendered":"https:\/\/rakosyuveg.hu\/?post_type=tribe_events&#038;p=1729"},"modified":"2024-11-14T15:23:21","modified_gmt":"2024-11-14T14:23:21","slug":"debreceni-egyetem-eloadas","status":"publish","type":"tribe_events","link":"https:\/\/rakosyuveg.hu\/en\/esemeny\/debreceni-egyetem-eloadas\/","title":{"rendered":"Debreceni Egyetem el\u0151ad\u00e1s"},"content":{"rendered":"<p style=\"text-align: center;\">Id\u00e9n \u00fajra el\u0151ad\u00e1st tartunk a Debreceni Egyetemen\u00a0 az \u00fcvegr\u0151l, mint \u00e9p\u00edt\u0151anyagr\u00f3l.<\/p>\n<p>Imm\u00e1r\u00a0<strong>hagyom\u00e1ny<\/strong>, hogy a R\u00e1kosy Glass a Debreceni Egyetem megh\u00edv\u00e1s\u00e1ra el\u0151ad\u00e1st tart az egyetem M\u0171szaki Kar\u00e1n.<\/p>\n<p>Az el\u0151ad\u00e1st gyakorlati \u00f3ra k\u00f6veti, amin a Hallgat\u00f3knak lehet\u0151s\u00e9g\u00fck van megismerkedni az \u00fcvegiparban j\u00e1ratos szerelv\u00e9nyekkel \u00e9s n\u00e9h\u00e1ny k\u00fcl\u00f6nleges \u00fcvegt\u00edpussal, illetve megtekinteni a k\u00fcl\u00f6nb\u00f6z\u0151 h\u0151kezel\u00e9s\u0171 \u00fcvegek pr\u00f3bat\u00f6r\u00e9s\u00e9t a R\u00e1kosy Glass j\u00f3volt\u00e1b\u00f3l.<\/p>\n<p>Az el\u0151ad\u00e1st a szok\u00e1sokhoz h\u00edven\u00a0<strong>Mr Tam\u00e1s G\u00e1l<\/strong>, a R\u00e1kosy Glass Partnere, m\u0171szaki \u00e9s termel\u00e9si igazgat\u00f3ja tartja.<\/p>\n<div id='gallery-1' class='gallery galleryid-1729 gallery-columns-2 gallery-size-full'><figure class='gallery-item'>\n\t\t\t<div class='gallery-icon landscape'>\n\t\t\t\t<a href='https:\/\/rakosyuveg.hu\/wp-content\/uploads\/2024\/06\/img-4778-1.jpg'><img loading=\"lazy\" decoding=\"async\" width=\"590\" height=\"440\" src=\"https:\/\/rakosyuveg.hu\/wp-content\/uploads\/2024\/06\/img-4778-1.jpg\" class=\"attachment-full size-full\" alt=\"\" srcset=\"https:\/\/rakosyuveg.hu\/wp-content\/uploads\/2024\/06\/img-4778-1.jpg 590w, https:\/\/rakosyuveg.hu\/wp-content\/uploads\/2024\/06\/img-4778-1-300x224.jpg 300w\" sizes=\"auto, (max-width: 590px) 100vw, 590px\" \/><\/a>\n\t\t\t<\/div><\/figure><figure class='gallery-item'>\n\t\t\t<div class='gallery-icon landscape'>\n\t\t\t\t<a href='https:\/\/rakosyuveg.hu\/wp-content\/uploads\/2024\/06\/img-4776-2.jpg'><img loading=\"lazy\" decoding=\"async\" width=\"590\" height=\"440\" src=\"https:\/\/rakosyuveg.hu\/wp-content\/uploads\/2024\/06\/img-4776-2.jpg\" class=\"attachment-full size-full\" alt=\"\" srcset=\"https:\/\/rakosyuveg.hu\/wp-content\/uploads\/2024\/06\/img-4776-2.jpg 590w, https:\/\/rakosyuveg.hu\/wp-content\/uploads\/2024\/06\/img-4776-2-300x224.jpg 300w\" sizes=\"auto, (max-width: 590px) 100vw, 590px\" \/><\/a>\n\t\t\t<\/div><\/figure>\n\t\t<\/div>","protected":false},"excerpt":{"rendered":"<p>Id\u00e9n \u00fajra el\u0151ad\u00e1st tartunk a Debreceni Egyetemen\u00a0 az \u00fcvegr\u0151l, mint \u00e9p\u00edt\u0151anyagr\u00f3l. Imm\u00e1r\u00a0hagyom\u00e1ny, hogy a R\u00e1kosy Glass a Debreceni Egyetem megh\u00edv\u00e1s\u00e1ra el\u0151ad\u00e1st tart az egyetem M\u0171szaki Kar\u00e1n. Az el\u0151ad\u00e1st gyakorlati \u00f3ra k\u00f6veti, amin a Hallgat\u00f3knak lehet\u0151s\u00e9g\u00fck van megismerkedni az \u00fcvegiparban j\u00e1ratos szerelv\u00e9nyekkel \u00e9s n\u00e9h\u00e1ny k\u00fcl\u00f6nleges \u00fcvegt\u00edpussal, illetve megtekinteni a k\u00fcl\u00f6nb\u00f6z\u0151 h\u0151kezel\u00e9s\u0171 &#8230; <a title=\"Debreceni Egyetem el\u0151ad\u00e1s\" class=\"read-more\" href=\"https:\/\/rakosyuveg.hu\/en\/esemeny\/debreceni-egyetem-eloadas\/\" aria-label=\"Read more about Debreceni Egyetem el\u0151ad\u00e1s\">Tov\u00e1bb<\/a><\/p>","protected":false},"author":1,"featured_media":1730,"template":"","meta":{"inline_featured_image":false,"_tribe_events_status":"","_tribe_events_status_reason":"","_tribe_events_is_hybrid":"","_tribe_events_is_virtual":"","_tribe_events_virtual_video_source":"","_tribe_events_virtual_embed_video":"","_tribe_events_virtual_linked_button_text":"","_tribe_events_virtual_linked_button":"","_tribe_events_virtual_show_embed_at":"","_tribe_events_virtual_show_embed_to":[],"_tribe_events_virtual_show_on_event":"","_tribe_events_virtual_show_on_views":"","_tribe_events_virtual_url":"","footnotes":""},"tags":[],"tribe_events_cat":[39],"class_list":["post-1729","tribe_events","type-tribe_events","status-publish","has-post-thumbnail","hentry","tribe_events_cat-kulso-esemeny","infinite-scroll-item","cat_kulso-esemeny"],"_links":{"self":[{"href":"https:\/\/rakosyuveg.hu\/en\/wp-json\/wp\/v2\/tribe_events\/1729","targetHints":{"allow":["GET"]}}],"collection":[{"href":"https:\/\/rakosyuveg.hu\/en\/wp-json\/wp\/v2\/tribe_events"}],"about":[{"href":"https:\/\/rakosyuveg.hu\/en\/wp-json\/wp\/v2\/types\/tribe_events"}],"author":[{"embeddable":true,"href":"https:\/\/rakosyuveg.hu\/en\/wp-json\/wp\/v2\/users\/1"}],"version-history":[{"count":2,"href":"https:\/\/rakosyuveg.hu\/en\/wp-json\/wp\/v2\/tribe_events\/1729\/revisions"}],"predecessor-version":[{"id":3035,"href":"https:\/\/rakosyuveg.hu\/en\/wp-json\/wp\/v2\/tribe_events\/1729\/revisions\/3035"}],"wp:featuredmedia":[{"embeddable":true,"href":"https:\/\/rakosyuveg.hu\/en\/wp-json\/wp\/v2\/media\/1730"}],"wp:attachment":[{"href":"https:\/\/rakosyuveg.hu\/en\/wp-json\/wp\/v2\/media?parent=1729"}],"wp:term":[{"taxonomy":"post_tag","embeddable":true,"href":"https:\/\/rakosyuveg.hu\/en\/wp-json\/wp\/v2\/tags?post=1729"},{"taxonomy":"tribe_events_cat","embeddable":true,"href":"https:\/\/rakosyuveg.hu\/en\/wp-json\/wp\/v2\/tribe_events_cat?post=1729"}],"curies":[{"name":"wp","href":"https:\/\/api.w.org\/{rel}","templated":true}]}}

Debreceni Egyetem előadás

<p style="text-align: center;">Idén újra előadást tartunk a Debreceni Egyetemen  az üvegről, mint építőanyagról.</p>
<p>Immár <strong>hagyomány</strong>, hogy a Rákosy Glass a Debreceni Egyetem meghívására előadást tart az egyetem Műszaki Karán.</p>
<p>Az előadást gyakorlati óra követi, amin a Hallgatóknak lehetőségük van megismerkedni az üvegiparban járatos szerelvényekkel és néhány különleges üvegtípussal, illetve megtekinteni a különböző hőkezelésű üvegek próbatörését a Rákosy Glass jóvoltából.</p>
<p>Az előadást a szokásokhoz híven <strong>Mr Tamás Gál</strong>, a Rákosy Glass Partnere, műszaki és termelési igazgatója tartja.</p>
<div id='gallery-1' class='gallery galleryid-1729 gallery-columns-2 gallery-size-full'><figure class='gallery-item'>
			<div class='gallery-icon landscape'>
				<a href='https://rakosyuveg.hu/wp-content/uploads/2024/06/img-4778-1.jpg'><img loading="lazy" decoding="async" width="590" height="440" src="https://rakosyuveg.hu/wp-content/uploads/2024/06/img-4778-1.jpg" class="attachment-full size-full" alt="" srcset="https://rakosyuveg.hu/wp-content/uploads/2024/06/img-4778-1.jpg 590w, https://rakosyuveg.hu/wp-content/uploads/2024/06/img-4778-1-300x224.jpg 300w" sizes="auto, (max-width: 590px) 100vw, 590px" /></a>
			</div></figure><figure class='gallery-item'>
			<div class='gallery-icon landscape'>
				<a href='https://rakosyuveg.hu/wp-content/uploads/2024/06/img-4776-2.jpg'><img loading="lazy" decoding="async" width="590" height="440" src="https://rakosyuveg.hu/wp-content/uploads/2024/06/img-4776-2.jpg" class="attachment-full size-full" alt="" srcset="https://rakosyuveg.hu/wp-content/uploads/2024/06/img-4776-2.jpg 590w, https://rakosyuveg.hu/wp-content/uploads/2024/06/img-4776-2-300x224.jpg 300w" sizes="auto, (max-width: 590px) 100vw, 590px" /></a>
			</div></figure>
		</div>

<p>Idén újra előadást tartunk a Debreceni Egyetemen  az üvegről, mint építőanyagról. Immár hagyomány, hogy a Rákosy Glass a Debreceni Egyetem meghívására előadást tart az egyetem Műszaki Karán. Az előadást gyakorlati óra követi, amin a Hallgatóknak lehetőségük van megismerkedni az üvegiparban járatos szerelvényekkel és néhány különleges üvegtípussal, illetve megtekinteni a különböző hőkezelésű &#8230; <a title="Debreceni Egyetem előadás" class="read-more" href="https://rakosyuveg.hu/en/esemeny/debreceni-egyetem-eloadas/" aria-label="Read more about Debreceni Egyetem előadás">Tovább</a></p>
