{"id":1721,"date":"2024-06-17T18:35:22","date_gmt":"2024-06-17T16:35:22","guid":{"rendered":"https:\/\/rakosyuveg.hu\/?post_type=tribe_events&#038;p=1721"},"modified":"2024-11-14T15:11:17","modified_gmt":"2024-11-14T14:11:17","slug":"ybl-szakmai-nap","status":"publish","type":"tribe_events","link":"https:\/\/rakosyuveg.hu\/en\/esemeny\/ybl-szakmai-nap\/","title":{"rendered":"Ybl Szakmai Nap"},"content":{"rendered":"<p style=\"text-align: center;\">Id\u00e9n a R\u00e1kosy Glass is r\u00e9szt vesz az \u00d3budai Egyetem Ybl Mikl\u00f3s \u00c9p\u00edt\u00e9studom\u00e1nyi Kar\u00e1n megrendez\u00e9sre ker\u00fcl\u0151 szakmai esem\u00e9nyen.<\/p>\n<p>A b\u00f6rze jelleg\u0171 rendezv\u00e9ny c\u00e9lja, hogy az egyetemi hallgat\u00f3kat, a friss diplom\u00e1sokat, illetve a szakk\u00f6z\u00e9piskol\u00e1sokat \u00f6sszek\u00f6ss\u00e9k az \u00e9p\u00edt\u0151ipar szerepl\u0151ivel k\u00f6tetlen k\u00f6rnyezetben. A R\u00e1kosy Glassn\u00e1l mindig is fontos volt a tud\u00e1s \u00e1tad\u00e1sa a k\u00f6vetkez\u0151 gener\u00e1ci\u00f3k sz\u00e1m\u00e1ra, ez\u00e9rt\u00a0<strong>\u00f6r\u00f6mmel fogadtuk el az \u00d3budai Egyetem megh\u00edv\u00e1s\u00e1t a 2024-es Ybl Szakmai Napra.<\/strong><\/p>\n<p>Sz\u00e9lesk\u00f6r\u0171 szakmai \u00e9s ki\u00e1ll\u00edt\u00e1si tapasztalattal rendelkez\u0151 koll\u00e9g\u00e1ink izgatottan v\u00e1rj\u00e1k ezt az esem\u00e9nyt, hogy seg\u00edthessenek az \u00e9rdekl\u0151d\u0151knek bepillant\u00e1st nyerni az \u00e9p\u00edt\u00e9szeti \u00fcveg csod\u00e1latos vil\u00e1g\u00e1ba.<\/p>\n<div id='gallery-1' class='gallery galleryid-1721 gallery-columns-2 gallery-size-full'><figure class='gallery-item'>\n\t\t\t<div class='gallery-icon landscape'>\n\t\t\t\t<a href='https:\/\/rakosyuveg.hu\/wp-content\/uploads\/2024\/06\/dsc6159.jpg'><img loading=\"lazy\" decoding=\"async\" width=\"590\" height=\"440\" src=\"https:\/\/rakosyuveg.hu\/wp-content\/uploads\/2024\/06\/dsc6159.jpg\" class=\"attachment-full size-full\" alt=\"\" srcset=\"https:\/\/rakosyuveg.hu\/wp-content\/uploads\/2024\/06\/dsc6159.jpg 590w, https:\/\/rakosyuveg.hu\/wp-content\/uploads\/2024\/06\/dsc6159-300x224.jpg 300w, https:\/\/rakosyuveg.hu\/wp-content\/uploads\/2024\/06\/dsc6159-16x12.jpg 16w\" sizes=\"auto, (max-width: 590px) 100vw, 590px\" \/><\/a>\n\t\t\t<\/div><\/figure><figure class='gallery-item'>\n\t\t\t<div class='gallery-icon landscape'>\n\t\t\t\t<a href='https:\/\/rakosyuveg.hu\/wp-content\/uploads\/2024\/06\/furdoszoba-2024-240126-194.jpg'><img loading=\"lazy\" decoding=\"async\" width=\"590\" height=\"440\" src=\"https:\/\/rakosyuveg.hu\/wp-content\/uploads\/2024\/06\/furdoszoba-2024-240126-194.jpg\" class=\"attachment-full size-full\" alt=\"\" srcset=\"https:\/\/rakosyuveg.hu\/wp-content\/uploads\/2024\/06\/furdoszoba-2024-240126-194.jpg 590w, https:\/\/rakosyuveg.hu\/wp-content\/uploads\/2024\/06\/furdoszoba-2024-240126-194-300x224.jpg 300w, https:\/\/rakosyuveg.hu\/wp-content\/uploads\/2024\/06\/furdoszoba-2024-240126-194-16x12.jpg 16w\" sizes=\"auto, (max-width: 590px) 100vw, 590px\" \/><\/a>\n\t\t\t<\/div><\/figure>\n\t\t<\/div>","protected":false},"excerpt":{"rendered":"<p>Id\u00e9n a R\u00e1kosy Glass is r\u00e9szt vesz az \u00d3budai Egyetem Ybl Mikl\u00f3s \u00c9p\u00edt\u00e9studom\u00e1nyi Kar\u00e1n megrendez\u00e9sre ker\u00fcl\u0151 szakmai esem\u00e9nyen. A b\u00f6rze jelleg\u0171 rendezv\u00e9ny c\u00e9lja, hogy az egyetemi hallgat\u00f3kat, a friss diplom\u00e1sokat, illetve a szakk\u00f6z\u00e9piskol\u00e1sokat \u00f6sszek\u00f6ss\u00e9k az \u00e9p\u00edt\u0151ipar szerepl\u0151ivel k\u00f6tetlen k\u00f6rnyezetben. A R\u00e1kosy Glassn\u00e1l mindig is fontos volt a tud\u00e1s \u00e1tad\u00e1sa a &#8230; <a title=\"Ybl Szakmai Nap\" class=\"read-more\" href=\"https:\/\/rakosyuveg.hu\/en\/esemeny\/ybl-szakmai-nap\/\" aria-label=\"Read more about Ybl Szakmai Nap\">Tov\u00e1bb<\/a><\/p>","protected":false},"author":1,"featured_media":1722,"template":"","meta":{"inline_featured_image":false,"_tribe_events_status":"","_tribe_events_status_reason":"","_tribe_events_is_hybrid":"","_tribe_events_is_virtual":"","_tribe_events_virtual_video_source":"","_tribe_events_virtual_embed_video":"","_tribe_events_virtual_linked_button_text":"","_tribe_events_virtual_linked_button":"","_tribe_events_virtual_show_embed_at":"","_tribe_events_virtual_show_embed_to":[],"_tribe_events_virtual_show_on_event":"","_tribe_events_virtual_show_on_views":"","_tribe_events_virtual_url":"","footnotes":""},"tags":[],"tribe_events_cat":[39],"class_list":["post-1721","tribe_events","type-tribe_events","status-publish","has-post-thumbnail","hentry","tribe_events_cat-kulso-esemeny","infinite-scroll-item","cat_kulso-esemeny"],"_links":{"self":[{"href":"https:\/\/rakosyuveg.hu\/en\/wp-json\/wp\/v2\/tribe_events\/1721","targetHints":{"allow":["GET"]}}],"collection":[{"href":"https:\/\/rakosyuveg.hu\/en\/wp-json\/wp\/v2\/tribe_events"}],"about":[{"href":"https:\/\/rakosyuveg.hu\/en\/wp-json\/wp\/v2\/types\/tribe_events"}],"author":[{"embeddable":true,"href":"https:\/\/rakosyuveg.hu\/en\/wp-json\/wp\/v2\/users\/1"}],"version-history":[{"count":3,"href":"https:\/\/rakosyuveg.hu\/en\/wp-json\/wp\/v2\/tribe_events\/1721\/revisions"}],"predecessor-version":[{"id":3034,"href":"https:\/\/rakosyuveg.hu\/en\/wp-json\/wp\/v2\/tribe_events\/1721\/revisions\/3034"}],"wp:featuredmedia":[{"embeddable":true,"href":"https:\/\/rakosyuveg.hu\/en\/wp-json\/wp\/v2\/media\/1722"}],"wp:attachment":[{"href":"https:\/\/rakosyuveg.hu\/en\/wp-json\/wp\/v2\/media?parent=1721"}],"wp:term":[{"taxonomy":"post_tag","embeddable":true,"href":"https:\/\/rakosyuveg.hu\/en\/wp-json\/wp\/v2\/tags?post=1721"},{"taxonomy":"tribe_events_cat","embeddable":true,"href":"https:\/\/rakosyuveg.hu\/en\/wp-json\/wp\/v2\/tribe_events_cat?post=1721"}],"curies":[{"name":"wp","href":"https:\/\/api.w.org\/{rel}","templated":true}]}}

<p style="text-align: center;">Idén a Rákosy Glass is részt vesz az Óbudai Egyetem Ybl Miklós Építéstudományi Karán megrendezésre kerülő szakmai eseményen.</p>
<p>A börze jellegű rendezvény célja, hogy az egyetemi hallgatókat, a friss diplomásokat, illetve a szakközépiskolásokat összekössék az építőipar szereplőivel kötetlen környezetben. A Rákosy Glassnál mindig is fontos volt a tudás átadása a következő generációk számára, ezért <strong>örömmel fogadtuk el az Óbudai Egyetem meghívását a 2024-es Ybl Szakmai Napra.</strong></p>
<p>Széleskörű szakmai és kiállítási tapasztalattal rendelkező kollégáink izgatottan várják ezt az eseményt, hogy segíthessenek az érdeklődőknek bepillantást nyerni az építészeti üveg csodálatos világába.</p>
<div id='gallery-1' class='gallery galleryid-1721 gallery-columns-2 gallery-size-full'><figure class='gallery-item'>
			<div class='gallery-icon landscape'>
				<a href='https://rakosyuveg.hu/wp-content/uploads/2024/06/dsc6159.jpg'><img loading="lazy" decoding="async" width="590" height="440" src="https://rakosyuveg.hu/wp-content/uploads/2024/06/dsc6159.jpg" class="attachment-full size-full" alt="" srcset="https://rakosyuveg.hu/wp-content/uploads/2024/06/dsc6159.jpg 590w, https://rakosyuveg.hu/wp-content/uploads/2024/06/dsc6159-300x224.jpg 300w, https://rakosyuveg.hu/wp-content/uploads/2024/06/dsc6159-16x12.jpg 16w" sizes="auto, (max-width: 590px) 100vw, 590px" /></a>
			</div></figure><figure class='gallery-item'>
			<div class='gallery-icon landscape'>
				<a href='https://rakosyuveg.hu/wp-content/uploads/2024/06/furdoszoba-2024-240126-194.jpg'><img loading="lazy" decoding="async" width="590" height="440" src="https://rakosyuveg.hu/wp-content/uploads/2024/06/furdoszoba-2024-240126-194.jpg" class="attachment-full size-full" alt="" srcset="https://rakosyuveg.hu/wp-content/uploads/2024/06/furdoszoba-2024-240126-194.jpg 590w, https://rakosyuveg.hu/wp-content/uploads/2024/06/furdoszoba-2024-240126-194-300x224.jpg 300w, https://rakosyuveg.hu/wp-content/uploads/2024/06/furdoszoba-2024-240126-194-16x12.jpg 16w" sizes="auto, (max-width: 590px) 100vw, 590px" /></a>
			</div></figure>
		</div>

<p>Idén a Rákosy Glass is részt vesz az Óbudai Egyetem Ybl Miklós Építéstudományi Karán megrendezésre kerülő szakmai eseményen. A börze jellegű rendezvény célja, hogy az egyetemi hallgatókat, a friss diplomásokat, illetve a szakközépiskolásokat összekössék az építőipar szereplőivel kötetlen környezetben. A Rákosy Glassnál mindig is fontos volt a tudás átadása a &#8230; <a title="Ybl Szakmai Nap" class="read-more" href="https://rakosyuveg.hu/en/esemeny/ybl-szakmai-nap/" aria-label="Read more about Ybl Szakmai Nap">Tovább</a></p>
